1328954 is divided by 95?
94
What is the remainder when 2026260 is divided by 73?
72
Calculate the remainder when 119013 is divided by 536.
21
What is the remainder when 94882 is divided by 374?
260
Calculate the remainder when 1626 is divided by 136.
130
Calculate the remainder when 5483 is divided by 345.
308
What is the remainder when 3576 is divided by 1160?
96
Calculate the remainder when 28249 is divided by 9.
7
What is the remainder when 1786979 is divided by 15?
14
What is the remainder when 6958 is divided by 435?
433
Calculate the remainder when 2911 is divided by 713.
59
What is the remainder when 59623 is divided by 9?
7
What is the remainder when 131691 is divided by 94?
91
What is the remainder when 2991 is divided by 718?
119
Calculate the remainder when 81260 is divided by 82.
80
What is the remainder when 1940 is divided by 425?
240
Calculate the remainder when 58789 is divided by 1554.
1291
What is the remainder when 390976 is divided by 21?
19
Calculate the remainder when 257244 is divided by 13538.
22
What is the remainder when 118796 is divided by 1674?
1616
What is the remainder when 213318 is divided by 575?
568
What is the remainder when 6380 is divided by 2728?
924
What is the remainder when 12645 is divided by 755?
565
Calculate the remainder when 4859 is divided by 30.
29
What is the remainder when 3285 is divided by 1328?
629
Calculate the remainder when 291861 is divided by 35.
31
Calculate the remainder when 187426 is divided by 232.
202
What is the remainder when 622335 is divided by 103722?
3
Calculate the remainder when 26753 is divided by 182.
181
Calculate the remainder when 979 is divided by 4.
3
What is the remainder when 362 is divided by 69?
17
What is the remainder when 157537 is divided by 388?
9
What is the remainder when 5107 is divided by 343?
305
Calculate the remainder when 909 is divided by 611.
298
Calculate the remainder when 20063 is divided by 955.
8
Calculate the remainder when 35839 is divided by 592.
319
What is the remainder when 1668 is divided by 546?
30
What is the remainder when 22051 is divided by 565?
16
Calculate the remainder when 2937 is divided by 832.
441
What is the remainder when 3239 is divided by 531?
53
What is the remainder when 2095 is divided by 39?
28
What is the remainder when 190742 is divided by 14672?
6
What is the remainder when 215445 is divided by 1245?
60
Calculate the remainder when 3980 is divided by 229.
87
Calculate the remainder when 103211 is divided by 378.
17
Calculate the remainder when 14249 is divided by 4621.
386
What is the remainder when 1975 is divided by 165?
160
Calculate the remainder when 607 is divided by 121.
2
What is the remainder when 8458 is divided by 7?
2
What is the remainder when 12236 is divided by 25?
11
What is the remainder when 6958 is divided by 33?
28
What is the remainder when 16432 is divided by 514?
498
What is the remainder when 1250 is divided by 368?
146
Calculate the remainder when 168200 is divided by 262.
258
What is the remainder when 407831 is divided by 682?
677
Calculate the remainder when 193006 is divided by 64327.
25
Calculate the remainder when 20719 is divided by 6901.
16
What is the remainder when 11689917 is divided by 2376?
2373
What is the remainder when 1458 is divided by 247?
223
What is the remainder when 3365 is divided by 858?
791
What is the remainder when 4635 is divided by 172?
163
Calculate the remainder when 22948 is divided by 334.
236
Calculate the remainder when 97138 is divided by 555.
13
What is the remainder when 2277982 is divided by 389?
387
What is the remainder when 20177 is divided by 246?
5
What is the remainder when 64 is divided by 58?
6
What is the remainder when 49738 is divided by 66?
40
What is the remainder when 78279 is divided by 79?
69
Calculate the remainder when 134050 is divided by 251.
16
Calculate the remainder when 36810 is divided by 460.
10
Calculate the remainder when 22743 is divided by 1236.
495
Calculate the remainder when 47221 is divided by 2248.
13
Calculate the remainder when 463 is divided by 128.
79
What is the remainder when 3232 is divided by 73?
20
What is the remainder when 354 is divided by 348?
6
Calculate the remainder when 474538 is divided by 12.
10
Calculate the remainder when 37703 is divided by 819.
29
Calculate the remainder when 2824 is divided by 7.
3
Calculate the remainder when 735 is divided by 32.
31
What is the remainder when 4150 is divided by 553?
279
What is the remainder when 23397 is divided by 76?
65
What is the remainder when 1497 is divided by 392?
321
What is the remainder when 34794 is divided by 137?
133
Calculate the remainder when 365 is divided by 31.
24
Calculate the remainder when 17464 is divided by 142.
140
What is the remainder when 434826 is divided by 60?
6
Calculate the remainder when 135606 is divided by 88.
86
What is the remainder when 44742 is divided by 68?
66
Calculate the remainder when 8107 is divided by 42.
1
What is the remainder when 15459 is divided by 22?
15
What is the remainder when 76747 is divided by 50?
47
What is the remainder when 5223 is divided by 2597?
29
What is the remainder when 5985 is divided by 222?
213
What is the remainder when 1761 is divided by 1626?
135
Calculate the remainder when 4014 is divided by 13.
10
Calculate the remainder when 2691 is divided by 1340.
11
What is the remainder when 4083 is divided by 535?
338
Calculate the remainder when 10532754 is divided by 13.
11
Calculate the remainder when 2357 is divided by 663.
368
Calculate the remainder when 58171 is divided by 29069.
33
What is the remainder when 76942 is divided by 2263?
0
What is the remainder when 65987 is divided by 156?
155
Calculate the remainder when 32467 is divided by 382.
379
What is the remainder when 7316 is divided by 193?
175
What is the remainder when 19443 is divided by 9716?
11
Calculate the remainder when 42737 is divided by 17.
16
Calculate the remainder when 897979 is divided by 5.
4
Calculate the remainder when 244916 is divided by 30614.
4
What is the remainder when 1257734 is divided by 9?
2
What is the remainder when 18907 is divided by 98?
91
Calculate the remainder when 1115 is divided by 95.
70
What is the remainder when 33096 is divided by 561?
558
Calculate the remainder when 16915 is divided by 479.
150
What is the remainder when 2591 is divided by 1233?
125
Calculate the remainder when 103812 is divided by 22.
16
Calculate the remainder when 129582 is divided by 64781.
20
What is the remainder when 449237 is divided by 181?
176
What is the remainder when 3811 is divided by 147?
136
What is the remainder when 65014 is divided by 72?
70
What is the remainder when 4010 is divided by 590?
470
What is the remainder when 37758 is divided by 12582?
12
What is the remainder when 525599 is divided by 256?
31
What is the remainder when 16020 is divided by 3203?
5
Calculate the remainder when 1758 is divided by 92.
10
What is the remainder when 6730 is divided by 26?
22
What is the remainder when 3668 is divided by 147?
140
What is the remainder when 812569 is divided by 467?
456
What is the remainder when 5918 is divided by 888?
590
Calculate the remainder when 1296327 is divided by 105.
102
What is the remainder when 3863 is divided by 176?
167
Calculate the remainder when 7672 is divided by 194.
106
Calculate the remainder when 1491 is divided by 621.
249
Calculate the remainder when 14891 is divided by 71.
52
What is the remainder when 36400 is divided by 322?
14
Calculate the remainder when 10906 is divided by 1552.
42
Calculate the remainder when 26890 is divided by 13444.
2
Calculate the remainder when 3502 is divided by 1737.
28
What is the remainder when 2585 is divided by 54?
47
Calculate the remainder when 3132495 is divided by 358.
353
What is the remainder when 57595 is divided by 119?
118
What is the remainder when 108752 is divided by 57?
53
What is the remainder when 285 is divided by 248?
37
What is the remainder when 33996 is divided by 16?
12
What is the remainder when 13658 is divided by 297?
293
What is the remainder when 931199 is divided by 150?
149
What is the remainder when 108053 is divided by 30?
23
What is the remainder when 7123 is divided by 3336?
451
What is